301322
In base 15, what is -11987 + 123?
-11864
In base 2, what is -100001001110010 + -1001011110?
-100010011010000
In base 9, what is 3 - -6266213?
6266216
In base 10, what is -1951528 + 56?
-1951472
In base 4, what is -1102102022 + -1001?
-1102103023
In base 11, what is 2 - -1741759?
1741760
In base 9, what is -5 - 705420687?
-705420703
In base 6, what is 150102 - 124125?
21533
In base 2, what is -101 - -101001101100110000100?
101001101100101111111
In base 6, what is 50155553023 + 0?
50155553023
In base 4, what is 31120232100011 - 11?
31120232100000
In base 16, what is 75a1 + -3cc7?
38da
In base 12, what is 4127a + -6692?
367a8
In base 7, what is -452 - -1113364?
1112612
In base 2, what is -11111111011111 + -1111111001001?
-101111110101000
In base 9, what is 128 + -7130214?
-7130075
In base 15, what is 86e + -1?
86d
In base 2, what is 11011010111011 + 10111100?
11011101110111
In base 13, what is -251008 - 1?
-251009
In base 12, what is 500 - 98883?
-98383
In base 12, what is 787823 - -2?
787825
In base 13, what is -b + 45b3a5c?
45b3a51
In base 11, what is 806 - -487a77?
488782
In base 6, what is 2 - -3221225002?
3221225004
In base 4, what is -1200 - 2111203022?
-2111210222
In base 3, what is -102001120112222 - 12?
-102001120120011
In base 3, what is -1012221121202121 + 21?
-1012221121202100
In base 12, what is 1121b435 + -2?
1121b433
In base 4, what is -13222220001 - -11?
-13222213330
In base 12, what is 0 + 105839a?
105839a
In base 12, what is -642b7b6 + 1?
-642b7b5
In base 16, what is 440520 - 28?
4404f8
In base 2, what is 101101011100000010011010 - 10?
101101011100000010011000
In base 12, what is 5 - 14a23a9?
-14a23a4
In base 14, what is -1 + -23d6c2?
-23d6c3
In base 5, what is -110044144 + 21?
-110044123
In base 6, what is 51543 + -33441?
14102
In base 14, what is 93 + 3519c?
35251
In base 13, what is -9639a5 - 11?
-9639b6
In base 6, what is 42130033 + 5?
42130042
In base 9, what is 376 - -2248827?
2250314
In base 4, what is 1023211112231 + -11?
1023211112220
In base 4, what is 1 - 23313121020?
-23313121013
In base 9, what is -357 + -44154?
-44522
In base 9, what is -1043 - -102560?
101516
In base 10, what is 29901720 - 6?
29901714
In base 14, what is 52 - 5b767?
-5b715
In base 14, what is -3 - ab36c5?
-ab36c8
In base 4, what is 2202 - -212223013?
212231221
In base 2, what is -101001 + -1100110001101100110100?
-1100110001101101011101
In base 12, what is -2ba677 - -2?
-2ba675
In base 10, what is -3 + -54089?
-54092
In base 12, what is 3 + -5125819?
-5125816
In base 9, what is 31 - 373115?
-373074
In base 11, what is -4362 + -1498?
-584a
In base 11, what is -3 - 45665057?
-4566505a
In base 8, what is 61 + 3515?
3576
In base 11, what is -610 + -5666?
-6176
In base 6, what is 4 + 1143440221?
1143440225
In base 13, what is -5bb + 12565?
11c77
In base 14, what is 70bbc + -96?
70b26
In base 6, what is 2345 + -1213133?
-1210344
In base 6, what is -5 - 33010440?
-33010445
In base 2, what is -1000011110001100 + 1100?
-1000011110000000
In base 12, what is 262a8353 + 5?
262a8358
In base 5, what is 21034111 - 142244?
20341312
In base 2, what is -10 - -101011011111001011001101111?
101011011111001011001101101
In base 14, what is 37c2 + -233?
358d
In base 11, what is 55 + -80441?
-80397
In base 10, what is -350127 - 1?
-350128
In base 5, what is 442 + -3201213?
-3200221
In base 13, what is 7354 - -30?
7384
In base 9, what is -6183150218 - -4?
-6183150214
In base 7, what is 0 + -1550065142?
-1550065142
In base 16, what is 1aa - c97?
-aed
In base 12, what is -3 - 87566a40?
-87566a43
In base 13, what is -a610761 + a?
-a610754
In base 11, what is -578854 + 813?
-578041
In base 13, what is -785 - 2044?
-27c9
In base 8, what is 1000506760 + 5?
1000506765
In base 2, what is 111110111011010011000001 + -10?
111110111011010010111111
In base 4, what is 2 + 23120013101?
23120013103
In base 16, what is 4 - -aed032?
aed036
In base 2, what is -10110100010111100110100 + -1111?
-10110100010111101000011
In base 3, what is -12120110 + 12100?
-12101010
In base 6, what is 41 - 2135420?
-2135335
In base 12, what is 1313b6b + -7?
1313b64
In base 2, what is 10101111101100111 - 10101000000?
10101101000100111
In base 5, what is 3 + 443120410?
443120413
In base 3, what is -22220202 + -10002000?
-102222202
In base 4, what is 2321231313230 + 3?
2321231313233
In base 7, what is -22520 - 145632?
-201452
In base 9, what is 6546155 + 17?
6546173
In base 10, what is 23389204 + 32?
23389236
In base 13, what is 50b4a8 + -7?
50b4a1
In base 4, what is -2 - 203022001133?
-203022001201
In base 15, what is 5 + e5ed50?
e5ed55
In base 11, what is -268 + 24a8983?
24a8716
In base 10, what is 133 - -151879?
152012
In base 6, what is 0 - -4115222430?
4115222430
In base 5, what is 1214104 - -3042?
1222201
In base 8, what is 21115335 + -5?
21115330
In base 14, what is d65b27 + 3?
d65b2a
In base 4, what is 130010001020 + 1102?
130010002122
In base 9, what is -2758783 - -5?
-2758777
In base 3, what is -2121002000210111120 + -12?
-2121002000210111202
In base 3, what is 120 - -10101121210?
10101122100
In base 11, what is -631 + 6481?
5950
In base 15, what is be + 6b203d?
6b210c
In base 13, what is -8b5789b + 6?
-8b57895
In base 9, what is 32260 - -67?
32337
In base 9, what is 5 - -163820007?
163820013
In base 7, what is -2251 - -255110?
252526
In base 16, what is 13 + 96559a?
9655ad
In base 7, what is -532034416 + -3?
-532034422
In base 14, what is -2c38 + -b4?
-2d0c
In base 6, what is 102233513 - -15?
102233532
In base 10, what is 4 + -8433335?
-8433331
In base 7, what is 3 - -531445363?
531445366
In base 2, what is 1100111 - 101000010110100111011?
-101000010110011010100
In base 3, what is 110001202200 + 1020121?
110010000021
In base 16, what is -1 - -154a2d3?
154a2d2
In base 15, what is -3 + 416bc7d?
416bc7a
In base 12, what is 5 + -70b25539?
-70b25534
In base 16, what is -15a4 - -495?
-110f
In base 2, what is -100110110010110 - 11101011101011?
-1000100010000001
In base 9, what is -22 + 1381150?
1381127
In base 13, what is -9a22 + 50c8?
-4927
In base 9, what is -2 - 130438820?
-130438822
In base 12, what is 132 - 3006?
-2a94
In base 7, what is 10351 - -22301?
32652
In base 14, what is 5a + -373253?
-3731d7
In base 7, what is -236431641 - 2?
-236431643
In base 3, what is 22022011000100221 - -21?
22022011000101012
In base 13, what is -b816152c - 4?
-b8161533
In base 11, what is -89978003 - 4?
-89978007
In base 10, what is -18 - 140368?
-140386
In base 9, what is -1301 - -10252?
7851
In base 7, what is 150352 + -364?
146655
In base 12, what is -2824459 + 4?
-2824455
In base 3, what is 210210111002121 + 2?
210210111002200
In base 3, what is 2222122120221 + -11?
2222122120210
In base 5, what is -1244010424 + -1?
-1244010430
In base 4, what is 1030002 - -2020222?
3110230
In base 8, what is -354 + -6041525?
-6042101
In base 12, what is -4 - 1944350?
-1944354
In base 6, what is 4123201 + 3444?
4131045
In base 3, what is 1211 - 111020022121110?
-111020022112122
In base 6, what is -15224 - 45210?
-104434
In base 8, what is -1664145 - 6?
-1664153
In base 13, what is 28871469 - 4?
28871465
In base 15, what is 2 - 39e33a?
-39e338
In base 14, what is 10982aa - 5?
10982a5
In base 2, what is -1100 - -11111000100010011001?
11111000100010001101
In base 6, what is 120055 - 323443?
-203344
In base 8, what is 0 + -7025076?
-7025076
In base 5, what is -22 - -133413242?
133413220
In base 9, what is 46181404 - -5?
46181410
In base 14, what is 45d1167c - 1?
45d1167b
In base 13, what is 2066 + -456?
1910
In base 3, what is 2210110222101001 + -1?
2210110222101000
In base 7, what is -26 - 41644633?
-41644662
In base 13, what is 9 - -1401265?
1401271
In base 9, what is 235502 - 1673?
233718
In base 11, what is -a95a94 + 1?
-a95a93
In base 2, what is 1000001100 - -1110100110010011?
1110101110011111
In base 3, what is -101011122011 - 10?
-101011122021
In base 8, what is 255716 - 5?
255711
In base 13, what is 7cb4815 - -2?
7cb4817
In base 10, what is -4 + -5035697?
-5035701
In base 4, what is -10 - -22032223230?
22032223220
In base 14, what is -700b149 - 2?
-700b14b
In base 16, what is -2 - 1059fbb?
-1059fbd
In base 4, what is -1312002 - 1002322?
-2320330
In base 12, what is 50824 - 1a?
50806
In base 14, what is -1120b + 1874?
-d